{"id":1530,"date":"2025-01-20T14:50:21","date_gmt":"2025-01-20T13:50:21","guid":{"rendered":"https:\/\/vinczebajusztimea.com\/?page_id=1530"},"modified":"2025-12-16T08:24:24","modified_gmt":"2025-12-16T07:24:24","slug":"konyvajanlo","status":"publish","type":"page","link":"https:\/\/vinczebajusztimea.com\/?page_id=1530","title":{"rendered":"K\u00f6nyvaj\u00e1nl\u00f3"},"content":{"rendered":"<div class=\"wp-block-image is-style-default wp-duotone-e98369-3a302d-1\">\n<figure class=\"aligncenter size-full is-resized\"><img loading=\"lazy\" decoding=\"async\" width=\"2192\" height=\"2192\" src=\"https:\/\/vinczebajusztimea.com\/wp-content\/uploads\/2023\/08\/fa_midj_logo_vektor_clr.png\" alt=\"\" class=\"wp-image-1529\" style=\"object-fit:contain;width:404px;height:404px\" srcset=\"https:\/\/vinczebajusztimea.com\/wp-content\/uploads\/2023\/08\/fa_midj_logo_vektor_clr.png 2192w, https:\/\/vinczebajusztimea.com\/wp-content\/uploads\/2023\/08\/fa_midj_logo_vektor_clr-300x300.png 300w, https:\/\/vinczebajusztimea.com\/wp-content\/uploads\/2023\/08\/fa_midj_logo_vektor_clr-1024x1024.png 1024w, https:\/\/vinczebajusztimea.com\/wp-content\/uploads\/2023\/08\/fa_midj_logo_vektor_clr-150x150.png 150w, https:\/\/vinczebajusztimea.com\/wp-content\/uploads\/2023\/08\/fa_midj_logo_vektor_clr-768x768.png 768w, https:\/\/vinczebajusztimea.com\/wp-content\/uploads\/2023\/08\/fa_midj_logo_vektor_clr-1536x1536.png 1536w, https:\/\/vinczebajusztimea.com\/wp-content\/uploads\/2023\/08\/fa_midj_logo_vektor_clr-2048x2048.png 2048w\" sizes=\"(max-width: 2192px) 100vw, 2192px\" \/><\/figure><\/div>\n\n\n<p><\/p>\n\n\n\n<p><strong>\u00d6nismeret \u00e9s trauma feldolgoz\u00e1s:<\/strong><\/p>\n\n\n\n<ul class=\"wp-block-list\">\n<li>Kristin Neff &#8211; Christopher Germer: <strong>Tudatos \u00f6negy\u00fctt\u00e9rz\u00e9s<\/strong> \/Ursus Libris, 2022\/<\/li>\n\n\n\n<li>John Bradshaw: <strong>Hazat\u00e9r\u00e9s \u00f6nmagadhoz &#8211; <em>A sebzett bels\u0151 gyermek gy\u00f3gy\u00edt\u00e1sa <\/em><\/strong>\/Kulcslyuk Kiad\u00f3, 2023\/<\/li>\n\n\n\n<li>Lindsay C. Gibson: <strong>\u00c9rzelmileg \u00e9retlen sz\u00fcl\u0151k feln\u0151tt gyermekei <\/strong>\/Kulcslyuk Kiad\u00f3, 2017\/<\/li>\n\n\n\n<li>Lindsay C. Gibson: <strong>Sz\u00fcl\u0151sebek <em>&#8211; Hogyan gy\u00f3gy\u00edtsuk be az \u00e9rzelmileg \u00e9retlen sz\u00fcleink \u00e1ltal ejtett s\u00e9r\u00fcl\u00e9seket?<\/em><\/strong> \/Kulcslyuk Kiad\u00f3, 2021\/<\/li>\n\n\n\n<li>Lindsay C. Gibson: <strong>Lev\u00e1l\u00e1s az \u00e9rzelmileg \u00e9retlen emberekr\u0151l &#8211; <em>\u00d6n\u00e9rv\u00e9nyes\u00edt\u00e9s, hat\u00e1rszab\u00e1s, gy\u00f3gyul\u00e1s<\/em><\/strong> \/Kulcslyuk Kiad\u00f3, 2025\/<\/li>\n\n\n\n<li>V\u00e1gyi Petra: <strong>S\u00e9m\u00e1ink fogs\u00e1g\u00e1ban<\/strong> <strong><em>&#8211; Hogyan l\u00e9pj\u00fcnk ki az ism\u00e9tl\u0151d\u0151 forgat\u00f3k\u00f6nyvekb\u0151l? <\/em><\/strong>\/Kulcslyuk Kiad\u00f3, 2021\/<\/li>\n\n\n\n<li>Galit Atlas: <strong>\u00c9rzelmi \u00f6r\u00f6ks\u00e9g<\/strong> <strong><em>&#8211; Hogyan oldjuk fel a transzgener\u00e1ci\u00f3s traum\u00e1kat? <\/em><\/strong>\/HVG K\u00f6nyvek Kiad\u00f3, 2022\/<\/li>\n\n\n\n<li>Bib\u00f3k Bea: <strong>Ellopott gyermekkor &#8211; <em>A parentifik\u00e1ci\u00f3 jelens\u00e9ge &#8211; \u00f6nfel\u00e1ldoz\u00e1s gyerekkorban, feln\u0151ttkorban \u00e9s a p\u00e1rkapcsolatokban<\/em><\/strong> \/Libri K\u00f6nyvkiad\u00f3, 2024\/<\/li>\n\n\n\n<li>Bib\u00f3k Bea: <strong>Ellopott gyermekkor &#8211; <em>Az infantiliz\u00e1ci\u00f3 jelens\u00e9ge: a visszatart\u00f3 nevel\u00e9s k\u00f6vetkezm\u00e9nye a hat\u00e1rprobl\u00e9m\u00e1s csal\u00e1dokban<\/em><\/strong> \/Libri K\u00f6nyvkiad\u00f3, 2024\/<\/li>\n\n\n\n<li>Hoffmann Kata: <strong>Megsebzett gyermekkor &#8211; <em>\u00c9letfogytiglan vagy szabadul\u00e1s az \u00e1rtalmas korai hat\u00e1sokt\u00f3l?<\/em><\/strong> \/Kulcslyuk Kiad\u00f3, 2024\/<\/li>\n\n\n\n<li>Herendi Kata &#8211; Szab\u00f3 Eszter Judit: <strong>Az otthon hidege &#8211; <em>B\u00e1ntalmaz\u00f3 sz\u00fcl\u0151k feln\u0151tt gyerekei<\/em> <\/strong> \/Open Books, 2024\/<\/li>\n\n\n\n<li>Janina Fisher:<strong> A trauma \u00e9l\u0151 \u00f6r\u00f6ks\u00e9g\u00e9nek \u00e1talak\u00edt\u00e1sa &#8211; <em>Gyakorlati \u00fatmutat\u00f3 t\u00fal\u00e9l\u0151k \u00e9s terapeut\u00e1k sz\u00e1m\u00e1ra<\/em> <\/strong>\/Ursus Libris, 2025\/<\/li>\n\n\n\n<li>Tiffany Trieu: <strong>Bels\u0151 gyermek &#8211; <\/strong><em><strong>T\u00edz m\u00f3dszer \u00f6nmagunk \u00fajranevel\u00e9s\u00e9re \u00e9s gy\u00f3gy\u00edt\u00e1s\u00e1ra<\/strong> <\/em>\/HVG K\u00f6nyvek Kiad\u00f3, 2024\/<\/li>\n\n\n\n<li>Dr. Nicole LePera: <strong>Hogyan dolgozz magadon<\/strong> \/Libri K\u00f6nykiad\u00f3, 2022\/<\/li>\n\n\n\n<li>Balajthy D. &#8211; Dr. Berczik K. &#8211; B\u00edr\u00f3 B. P. &#8211; Fejes J. A. &#8211; Dr. Gally Zs. &#8211; Dr. Salavecz Gy. &#8211; S\u00e1r\u00e1ndi A. &#8211; Udvari J. &#8211; Dr. Unoka Zs. &#8211; V\u00e1gyi P.: <strong>Mindennapi t\u00e9m\u00e1ink, s\u00e9m\u00e1ink<\/strong> \/S\u00e9maT\u00e9r Kiad\u00f3, 2025\/<\/li>\n\n\n\n<li>Orvos-T\u00f3th No\u00e9mi: <strong>\u00d6r\u00f6k\u00f6lt sors<\/strong> \/Kulcslyuk Kiad\u00f3, 2018\/<\/li>\n\n\n\n<li>Luk\u00e1cs Liza: <strong>Az \u00e9hes l\u00e9lek gy\u00f3gy\u00edt\u00e1sa<\/strong> \/Kulcslyuk Kiad\u00f3, 2015\/<\/li>\n\n\n\n<li>Luk\u00e1cs Liza: <strong>Ne cipeld tov\u00e1bb &#8211; <em>\u00d6r\u00f6k\u00f6lt csal\u00e1di mint\u00e1k a t\u00e1pl\u00e1lkoz\u00e1sban \u00e9s az \u00e9rzelmi ev\u00e9s<\/em><\/strong> \/Kulcslyuk Kiad\u00f3, 2022\/<\/li>\n\n\n\n<li>Stephanie Stahl: <strong>A benned rejl\u0151 gyermeknek otthonra kell tal\u00e1lnia <\/strong>\/Park Kiad\u00f3, 2018\/<\/li>\n\n\n\n<li>Dr. Karyl McBride: <strong>Lehetek valaha el\u00e9g j\u00f3? &#8211; <\/strong><em><strong>A n\u00e1rcisztikus any\u00e1k l\u00e1nyainak gy\u00f3gyul\u00e1sa<\/strong> <\/em>\/Partvonal Kiad\u00f3, 2023\/<\/li>\n\n\n\n<li>Caroline Strawson: <strong>Hogyan gy\u00f3gyulj a n\u00e1rcisztikus b\u00e1ntalmaz\u00e1sb\u00f3l? &#8211; <em>Gyakorlati \u00fatmutat\u00f3 a sz\u00e9gyen felold\u00e1s\u00e1hoz, a trauma feldolgoz\u00e1s\u00e1hoz \u00e9s a m\u00e9rgez\u0151 kapcsolatokb\u00f3l val\u00f3 fel\u00e9p\u00fcl\u00e9shez<\/em><\/strong> \/\u00c9desv\u00edz Kiad\u00f3, 2024\/<\/li>\n\n\n\n<li>Dr. Edith Shiro: <strong>A trauma v\u00e1ratlan aj\u00e1nd\u00e9ka &#8211; <em>\u00dat a poszttraum\u00e1s n\u00f6veked\u00e9shez<\/em><\/strong> \/HVG K\u00f6nyvek Kiad\u00f3, 2023\/<\/li>\n\n\n\n<li>Bren\u00e9 Brown: <strong>A t\u00f6k\u00e9letlens\u00e9g ajand\u00e9ka &#8211; <em>Szeresd magad elv\u00e1r\u00e1sok n\u00e9lk\u00fcl<\/em><\/strong> \/\u00c9desv\u00edz Kiad\u00f3, 2021\/<\/li>\n\n\n\n<li>Erika J. Chopich &#8211; Margaret Paul:<strong> A gy\u00f3gy\u00edt\u00f3 gyermeki \u00e9n<\/strong> <strong><em>&#8211; \u00dat a lelki egyens\u00faly fel\u00e9<\/em><\/strong> \/Animus Kiad\u00f3, 2001\/<\/li>\n\n\n\n<li>Paul Meier &#8211; Frank Minirth &#8211; Robert Hemfelt: <strong>A szeretet v\u00e1laszthat\u00f3 &#8211; <em>Gy\u00f3gyul\u00e1s az eg\u00e9szs\u00e9gtelen kapcsolatokb\u00f3l <\/em><\/strong>\/Harmat Kiad\u00f3, 2017\/<\/li>\n\n\n\n<li>Paul T. Mason &#8211; Randi Kreger: <strong>Ne l\u00e9pkedj\u00fcnk toj\u00e1sokon<em> &#8211; Szerezz\u00fck vissza az \u00e9let\u00fcnket, ha egy szerett\u00fcnk borderline szem\u00e9lyis\u00e9gzavarban szenved<\/em><\/strong> \/Oriold Kiad\u00f3, 2015\/<\/li>\n\n\n\n<li>Glen O. Gabbard &#8211; Holly Crisp-Han: <strong>A n\u00e1rcizmus \u00e9s s\u00e9relmei<\/strong> \/Oriold Kiad\u00f3, 2020\/<\/li>\n\n\n\n<li>Shannon Thomas: <strong>Gy\u00f3gyul\u00e1s a rejtett b\u00e1ntalmaz\u00e1sb\u00f3l<em> &#8211; A pszichol\u00f3giai b\u00e1ntalmaz\u00e1sb\u00f3l val\u00f3 fel\u00e9p\u00fcl\u00e9s 6 szakasza<\/em><\/strong> \/Harmat Kiad\u00f3, 2023\/<\/li>\n\n\n\n<li>Joanne Barron &#8211; Lynne Friedmann-Gell: <strong>\u00d6r\u00f6k\u00f6lt sebeink gy\u00f3gy\u00edt\u00e1sa<\/strong> \/Kulcslyuk Kiad\u00f3, 2023\/<\/li>\n\n\n\n<li>Bessel Van Der Kolk: <strong>A test mindent sz\u00e1mon tart &#8211; <\/strong><em><strong>Az agy, az elme \u00e9s a test szerepe a traumafeldolgoz\u00e1sban<\/strong> <\/em>\/Ursus Libris, 2020\/<\/li>\n\n\n\n<li>M\u00e1t\u00e9 G\u00e1bor: <strong>Sz\u00e9tsz\u00f3rt elm\u00e9k &#8211; <em>A figyelemhi\u00e1ny zavar \u00faj gy\u00f3gym\u00f3dja<\/em> <\/strong>\/Open Book, 2023\/<\/li>\n\n\n\n<li>Johann Hari: <strong>T\u00f6nkretett figyelem<\/strong> \/Gabo Kiad\u00f3, 2022\/<\/li>\n\n\n\n<li>Meredith Carder: <strong>Mindennapi \u00e9let ADHD-val &#8211; <em>V\u00e9gre mindent \u00e9rtek! &#8211; \u00datmutat\u00f3 egy teljesebb \u00e9lethez ADHD-soknak<\/em> <\/strong>\/\u00c9desv\u00edz Kiad\u00f3, 2025\/<\/li>\n\n\n\n<li>Anna Kaver: <strong>A szorong\u00e1s v\u00e9ge<\/strong> <strong><em>&#8211; Hogyan tudunk egy\u00fctt \u00e9lni \u00f6r\u00f6k\u00f6s agg\u00f3d\u00e1sunkkal?<\/em><\/strong> \/Corvina Kiad\u00f3, 2021\/<\/li>\n\n\n\n<li>Lundy Bancroft: <strong>Mi j\u00e1r a b\u00e1ntalmaz\u00f3 fej\u00e9ben?<\/strong> \/H\u00e1tt\u00e9r Kiad\u00f3, 2015\/<\/li>\n\n\n\n<li>Mogyor\u00f3ssy-R\u00e9v\u00e9sz Zsuzsanna: <strong>\u00c9rzelemszab\u00e1lyoz\u00e1s a gyakorlatban<\/strong> \/Kulcslyuk Kiad\u00f3, 2021\/<\/li>\n\n\n\n<li>Berent\u00e9s \u00c9va: <strong>Mindenhat\u00f3 gyermekkor &#8211; <\/strong><em><strong>A korai \u00e9let\u00e9vek hat\u00e1sa a feln\u0151ttkorra<\/strong> \/<\/em>Pro Personal Kiad\u00f3, 2022\/<\/li>\n\n\n\n<li>Berent\u00e9s \u00c9va: <strong>Az \u00e9rett szem\u00e9lyis\u00e9g &#8211; <em>Az emberi siker, a hat\u00e9konys\u00e1g \u00e9s a boldogs\u00e1g szem\u00e9lyis\u00e9gh\u00e1ttere<\/em><\/strong> \/Pro Personal Kiad\u00f3, 2012\/<\/li>\n\n\n\n<li>Bak\u00f3 Tiham\u00e9r: <strong>Sorst\u00f6r\u00e9s &#8211; <em>A trauma l\u00e9lektana egy pszichoterapeuta szemsz\u00f6g\u00e9b\u0151l<\/em><\/strong> \/Psycho Art, 2009\/<\/li>\n\n\n\n<li>Bak\u00f3 Tiham\u00e9r: <strong>Verem m\u00e9ly\u00e9n &#8211; <em>K\u00f6nyv a kr\u00edzisr\u0151l <\/em><\/strong>\/Psycho Art, 2004\/<\/li>\n\n\n\n<li>Bak\u00f3 Tiham\u00e9r: <strong>Utak \u00e9s \u00f6sv\u00e9nyek &#8211; <\/strong><em><strong>\u00c9let\u00fcnk v\u00e1lt\u00f3f\u00e1zisai \u00e9s v\u00e1ls\u00e1gai<\/strong> <\/em>\/Psycho Art, 2017\/<\/li>\n\n\n\n<li>Bethany Webster: <strong>Anyaseb &#8211;<\/strong> <em><strong>Hogyan gy\u00f3gy\u00edtsuk transzgener\u00e1ci\u00f3s s\u00e9r\u00fcl\u00e9seinket \u00e9s tal\u00e1ljunk r\u00e1 \u00f6nmagunkra?<\/strong><\/em> \/HVG K\u00f6nyvek Kiad\u00f3, 2021\/<\/li>\n\n\n\n<li>Singer Magdolna: <strong>\u00c9lethazugs\u00e1gok &#8211; <em>S\u00edrig vitt titkok, amelyek \u00fajra\u00edrj\u00e1k a m\u00faltat<\/em><\/strong> \/HVG K\u00f6nyvek Kiad\u00f3, 2023\/<\/li>\n\n\n\n<li>Singer Magdolna: <strong>Gy\u00e1szk\u00eds\u00e9r\u00e9s &#8211; <em>Egy\u00fctt a b\u00e1nat \u00e9s feldolgoz\u00e1s  \u00fatj\u00e1n<\/em><\/strong> \/HVG K\u00f6nyvek Kiad\u00f3, 2021\/<\/li>\n\n\n\n<li>Franz Renggli: <strong>Aranykapu az \u00e9letbe &#8211; <em>Gy\u00f3gyul\u00e1s a magzati l\u00e9t \u00e9s a sz\u00fclet\u00e9s traum\u00e1ib\u00f3l<\/em><\/strong> \/Ursus Libris, 2016\/<\/li>\n\n\n\n<li>Peter A. Levine: <strong>A tigris fel\u00e9breszt\u00e9se &#8211; <em>Hogyan dolgozhat\u00f3 fel a trauma?<\/em><\/strong> \/Ursus Libris, 2017\/<\/li>\n\n\n\n<li>Peter A. Levine: <strong>A trauma gy\u00f3gy\u00edt\u00e1sa &#8211; <em>Gyakorlati program a tested b\u00f6lcsess\u00e9g\u00e9nek \u00fajrafelfedez\u00e9s\u00e9hez<\/em><\/strong> \/Kulcslyuk Kiad\u00f3, 2021\/<\/li>\n\n\n\n<li>Pint\u00e9r Tam\u00e1s: <strong>Az asszertivit\u00e1s vil\u00e1ga &#8211; <em>Agresszi\u00f3, alkalmazkod\u00e1s, asszertivit\u00e1s<\/em><\/strong> \/Pint\u00e9r Tam\u00e1s, 2023\/<\/li>\n\n\n\n<li>Judith Herman: <strong>Trauma \u00e9s gy\u00f3gyul\u00e1s<\/strong> \/H\u00e9tt\u00e9r Kiad\u00f3, 2019\/<\/li>\n\n\n\n<li>Bak\u00f3 Tiham\u00e9r &#8211; Zana Katalin: <strong>A transzgener\u00e1ci\u00f3s trauma \u00e9s ter\u00e1pi\u00e1ja<\/strong> \/Medicina, 2020\/<\/li>\n\n\n\n<li>Jeffrey E. Young &#8211; Janet S. Klosko: <strong>Fedezd fel \u00fajra az \u00e9leted <\/strong>\/Oriold Kiad\u00f3, 2020\/<\/li>\n\n\n\n<li>Alice Miller: <strong>A tehets\u00e9ges gyermek dr\u00e1m\u00e1ja \u00e9s az igazi \u00e9n felkutat\u00e1sa<\/strong> \/Osiris, 2002\/<\/li>\n\n\n\n<li>Joachim Bauer: <strong>A test\u00fcnk nem felejt <\/strong>\/Ursus Libris, 2018\/<\/li>\n\n\n\n<li>Irwin D. Yalom: <strong>A magyar macska \u00e1tka &#8211; <em>Pszichoter\u00e1pi\u00e1s mes\u00e9k <\/em><\/strong>\/Park Kiad\u00f3, 2013\/<\/li>\n\n\n\n<li>Irwin D. Yalom: <strong>A ter\u00e1pia aj\u00e1nd\u00e9ka &#8211; <em>M\u0171helytikok <\/em><\/strong>\/Park Kiad\u00f3, 2022\/<\/li>\n\n\n\n<li>Irwin D.- Yalom: <strong>Minden muland\u00f3 &#8211; <\/strong><em><strong>T\u00edz pszichoter\u00e1pi\u00e1s t\u00f6rt\u00e9net<\/strong> <\/em>\/Park Kiad\u00f3, 2022\/<\/li>\n\n\n\n<li>Manuela R\u00f6sel: <strong>Ha f\u00e1j szeretni &#8211;<em>Hogyan kommunik\u00e1ljunk borderline szem\u00e9lyekkel <\/em><\/strong>\/Taramix, 2015\/<\/li>\n\n\n\n<li>Craig Malkin: <strong>A n\u00e1rcizmus pszichol\u00f3gi\u00e1ja <\/strong>\/HVG K\u00f6nyvek Kiad\u00f3, 2017\/<\/li>\n\n\n\n<li>Ramani Durvasula: <strong>Menjek vagy maradjak? &#8211; <em>Hogyan \u00e9lj\u00fck t\u00fal a p\u00e1rkapcsolatot egy n\u00e1rcisztikus mellett <\/em><\/strong>\/Partvonal K\u00f6nyvkiad\u00f3, 2022\/<\/li>\n\n\n\n<li>Edith Eva Eger: <strong>A d\u00f6nt\u00e9s<\/strong> \/Libri K\u00f6nyvkiad\u00f3, 2020\/<\/li>\n\n\n\n<li>Edith Eva Eger: <strong>Az aj\u00e1nd\u00e9k &#8211; 12 \u00e9letment\u0151 lecke<\/strong> \/Open Books, 2021\/<\/li>\n\n\n\n<li>Viktor E. Frankl: <strong>M\u00e9gis mondj igent az \u00e9letre <em>&#8211; Logoter\u00e1pia di\u00f3h\u00e9jban <\/em><\/strong>\/Jel Kiad\u00f3, 2007\/<\/li>\n\n\n\n<li>Emily Wandere Cohen: <strong>Nemzed\u00e9kr\u0151l nemzed\u00e9kre &#8211; <\/strong><em><strong>A transzgener\u00e1ci\u00f3s traum\u00e1k gy\u00f3gy\u00edt\u00e1sa a t\u00f6rt\u00e9netmes\u00e9l\u00e9s erej\u00e9vel<\/strong> <\/em>\/Kulcslyuk Kiad\u00f3, 2020\/<\/li>\n\n\n\n<li>Tuija Valipakka &#8211; Arja Lehtosaari: <strong>A l\u00e9lek meggyilkol\u00e1s\u00e1nak sz\u00e1z m\u00f3dja<\/strong> \/Pilis Print Kiad\u00f3, 2011\/<\/li>\n\n\n\n<li>Szondy M\u00e1t\u00e9: <strong>Meg\u00e9lni a pillanatot &#8211; <em>Mindfulness, a tudatos jelenl\u00e9t pszichol\u00f3gi\u00e1ja<\/em> <\/strong>\/Kulcslyuk Kiad\u00f3, 2012\/<\/li>\n\n\n\n<li>Kurit\u00e1rn\u00e9 Szab\u00f3 Ildik\u00f3 &#8211; Tislj\u00e1r-Szab\u00f3 Eszter: <strong>\u00dagy szerettem volna, ha nem b\u00e1ntottak volna &#8211; <em>A csal\u00e1don bel\u00fcli gyermekkori traumatiz\u00e1ci\u00f3: elm\u00e9let \u00e9s ter\u00e1pia <\/em><\/strong>\/Oriold Kiad\u00f3, 2015\/<\/li>\n\n\n\n<li>Kurit\u00e1rn\u00e9 Szab\u00f3 Ildik\u00f3 &#8211; Moln\u00e1r Judit &#8211; Nagy Anik\u00f3:<strong> Trauma eredet\u0171 disszoci\u00e1ci\u00f3 <\/strong>\/Oriold Kiad\u00f3, 2018\/<\/li>\n\n\n\n<li>Steven A. Safren &#8211; Susan Sprich &#8211; Carol A. Perlman &#8211; Michael W. Otto: <strong>Kerekedj fel\u00fcl az ADHD-n! Kognit\u00edv viselked\u00e9ster\u00e1pi\u00e1s program feln\u0151tteknek<\/strong> \/VIKOTE, 2024\/<\/li>\n<\/ul>\n\n\n\n<p><strong>F\u00fcgg\u0151 sz\u00fcl\u0151k hat\u00e1sa:<\/strong><\/p>\n\n\n\n<ul class=\"wp-block-list\">\n<li>Janet G. Voititz: <strong>Alkoholbetegek feln\u0151tt gyermekei <\/strong>\/F\u00e9l\u00faton Alap\u00edtv\u00e1ny, 2002\/<\/li>\n\n\n\n<li>Waltraut Barnowski-Geiser: <strong>Anya, apa, pia &#8211; <em>Hogyan tal\u00e1lhatj\u00e1k meg a szenved\u00e9lybeteg sz\u00fcl\u0151k feln\u0151tt gyermekei m\u00e9gis a boldogs\u00e1got<\/em><\/strong> \/Magyar M\u00e1ltai Szeretetszolg\u00e1lat, 2020\/<\/li>\n\n\n\n<li>Elekes D\u00f3ra &#8211; F\u00e1bi\u00e1n G\u00e1bor &#8211; Hoffmann Kata &#8211; Karafi\u00e1th Orsolya &#8211; Kem\u00e9ny Istv\u00e1n &#8211; Kov\u00e1cs Andr\u00e1s P\u00e9ter &#8211; Mattik D\u00f3ra: <strong>L\u00e1thatatlan \u00e1rv\u00e1k<\/strong> \/Magyar M\u00e1ltai Szeretetszolg\u00e1lat, 2022\/<\/li>\n\n\n\n<li>B\u00e9k\u00e9si T\u00edmea &#8211; Kassai Szilvia: <strong>\u00dajra\u00e9p\u00edtett \u00e9letek &#8211; <em>T\u00f6rt\u00e9netek szenved\u00e9lybeteg sz\u00fcl\u0151k feln\u0151tt gyermekeir\u0151l<\/em> <\/strong>\/HVG K\u00f6nyvek Kiad\u00f3, 2022\/<\/li>\n<\/ul>\n\n\n\n<p><strong>Gyermekl\u00e9lektan:<\/strong><\/p>\n\n\n\n<ul class=\"wp-block-list\">\n<li>Peter A- Levine &#8211; Maggie Kline: <strong>Der\u00fclt \u00e9gb\u0151l vill\u00e1mcsap\u00e1s &#8211; <em>Hogyan v\u00e9rtezz\u00fck fel a gyerekeket trauma ellen?<\/em><\/strong> \/Ursus Libris, 2021\/<\/li>\n\n\n\n<li>Singer Magdolna: <strong>Ki vigasztalja meg a gyerekeket? &#8211; <em>V\u00e1l\u00e1s \u00e9s gy\u00e1sz a csal\u00e1dban<\/em> <\/strong>\/HVG K\u00f6nyvek Kiad\u00f3, 2015\/<\/li>\n\n\n\n<li>Bojti Andrea: <strong>Magabiztos sz\u00fcl\u0151 &#8211; <em>A k\u00e9telyekt\u0151l a tudatoss\u00e1gig<\/em><\/strong> \/Open Books, 2023\/<\/li>\n\n\n\n<li>F\u00fcst\u00f6s M\u00f3ni: <strong>Van megold\u00e1s! &#8211;<em> Frapp\u00e1ns p\u00e9ldamondatok \u00e9s k\u00e9zzelfoghat\u00f3 eszk\u00f6z\u00f6k a kisgyerekek pozit\u00edv nevel\u00e9s\u00e9hez<\/em> <\/strong>\/Jaffa Kiad\u00f3, 2025\/<\/li>\n\n\n\n<li>Daniel G. Amen &#8211; Charles Fay: <strong>Ment\u00e1lisan er\u0151s gyerekek<\/strong> \/Jaffa Kiad\u00f3, 2024\/<\/li>\n\n\n\n<li>Deli\u00e1ga \u00c9va &#8211; Lov\u00e1sz Hajnalka: <strong>Mihez kezdj\u00fcnk az agresszi\u00f3val?<\/strong> \/Kulcslyuk Kiad\u00f3 Kft, 2021\/<\/li>\n\n\n\n<li>Deli\u00e1ga \u00c9va &#8211; Lov\u00e1sz Hajnalka: <strong>Mihez kezdj\u00fcnk a szorong\u00e1ssal? &#8211; <em>Pszichol\u00f3giai \u00fatmutat\u00f3 \u00e9s f\u00e9lelemold\u00f3 mes\u00e9k<\/em> <\/strong>\/Kulcslyuk Kiad\u00f3, 2024\/<\/li>\n\n\n\n<li>Deli\u00e1ga \u00c9va &#8211; Lov\u00e1sz Hajnalka: <strong>Mihez kezdj\u00fcnk az akaratoss\u00e1ggal?<\/strong> \/Kulcslyuk Kiad\u00f3, 2017\/<\/li>\n\n\n\n<li>Nancy Davis &#8211; Laura Simms &#8211; Korbai Hajnal: <strong>Az aranyt\u00f6k &#8211; <em>Ter\u00e1pi\u00e1s t\u00f6rt\u00e9netek \u00e9s mes\u00e9k traum\u00e1t \u00e1t\u00e9lt gyerekeknek<\/em><\/strong> \/L&#8217;Harmattan Kiad\u00f3 -Mosoly Alap\u00edtv\u00e1ny, 2015\/<\/li>\n\n\n\n<li>Allison Szczecinski: <strong>Hirtelenharag\u00fa Hug\u00f3 &#8211; <em>Seg\u00edt\u0151 mese \u00e9s j\u00e1t\u00e9kos tev\u00e9kenys\u00e9gek a d\u00fch \u00e9s az agresszi\u00f3 kezel\u00e9s\u00e9hez<\/em><\/strong> \/Kulcslyuk Kiad\u00f3, 2023\/<\/li>\n\n\n\n<li>Raffai Jen\u0151 &#8211; Hidas Gy\u00f6rgy &#8211; Vollner Judit:<strong> Lelki k\u00f6ld\u00f6kzsin\u00f3r<\/strong> \/Helikon Kiad\u00f3, 2021\/<\/li>\n\n\n\n<li>Deli\u00e1ga \u00c9va: <strong>A szemnek l\u00e1thatatlan &#8211;<em> Mi \u00e1llhat a gyermek viselked\u00e9se, t\u00fcnete h\u00e1tter\u00e9ben?<\/em><\/strong> \/Kulcslyuk Kiad\u00f3, 2020\/<\/li>\n\n\n\n<li>Jan Uwe-Rogge: <strong>Kell a gyereknek a korl\u00e1t <\/strong>\/Park Kiad\u00f3, 2013\/<\/li>\n\n\n\n<li>Gerlinde Ortner: <strong>Gy\u00f3gy\u00edt\u00f3 mes\u00e9k &#8211; avagy hogyan seg\u00edtsen a sz\u00fcl\u0151 a gyermeknek a f\u00e9lelem \u00e9s agresszi\u00f3 lek\u00fczd\u00e9s\u00e9ben<\/strong> \/M\u00f3ra K\u00f6nyvkiad\u00f3, 2011\/<\/li>\n\n\n\n<li>Bruce D. Perry &#8211; Maia Szalavitz: <strong>A ketrecbe z\u00e1rt fi\u00fa \u00e9s m\u00e1s t\u00f6rt\u00e9netek egy gyermekpszichi\u00e1ter jegyzetf\u00fczet\u00e9b\u0151l<\/strong> \/Park Kiad\u00f3, 2015\/<\/li>\n\n\n\n<li>Gyurk\u00f3 Szilvia: <strong>R\u00e1m is gondoljatok &#8211; <\/strong><em><strong>A gyerekk\u00f6zpont\u00fa v\u00e1l\u00e1s l\u00e9p\u00e9sei<\/strong> <\/em>\/Bookline K\u00f6nyvek, 2015\/<\/li>\n\n\n\n<li>Orosz Katalin &#8211; S. Nagy Zita: <strong>A sorsform\u00e1l\u00f3 9+1 h\u00f3nap &#8211; <em>A magzati kor \u00e9s a sz\u00fclet\u00e9s hat\u00e1sa az \u00e9let\u00fat alakul\u00e1s\u00e1ra<\/em><\/strong> \/Kulcslyuk Kiad\u00f3, 2017\/<\/li>\n\n\n\n<li>Alistair Cooper &#8211; Sheila Redfern: <strong>Reflekt\u00edv nevel\u00e9s &#8211;<em> \u00datmutat\u00f3 a gyermek bels\u0151 t\u00f6rt\u00e9net\u00e9nek meg\u00e9rt\u00e9s\u00e9hez<\/em><\/strong> \/Oriold Kiad\u00f3, 2020\/<\/li>\n\n\n\n<li>Toscha Schore &#8211; Patty Wipfler:<strong> \u00d6t egyszer\u0171 eszk\u00f6z a gyereknevel\u00e9s mindennapos kih\u00edv\u00e1saihoz<\/strong> \/HVG K\u00f6nyvek Kiad\u00f3, 2021\/<\/li>\n\n\n\n<li>Jane Nelsen: <strong>Pozit\u00edv fegyelmez\u00e9s<\/strong> \/Renesz\u00e1nsz Kiad\u00f3, 2013\/<\/li>\n\n\n\n<li>Vermes Judit &#8211; Hansj\u00fcrges Anna M\u00e1ria: <strong>Anyu megette a Holdat <\/strong>\/Oriold Kiad\u00f3, 2022\/<\/li>\n\n\n\n<li>Tony Attwood: <strong>K\u00fcl\u00f6n\u00f6s gyerekek &#8211; <\/strong><em><strong>Kalauz az Asperger szindr\u00f3m\u00e1r\u00f3l sz\u00fcl\u0151knek \u00e9s nevel\u0151knek<\/strong> <\/em>\/Animus Kiad\u00f3, 2018\/<\/li>\n\n\n\n<li>Kerry Kelly Novick &#8211; Jack Novick: <strong>\u00c9rzelmi izomzat &#8211; <em>Er\u0151s sz\u00fcl\u0151k, er\u0151s gyerekek<\/em><\/strong> \/TomorrowBook, 2023\/<\/li>\n\n\n\n<li>Aletha J. Solter: <strong>Gy\u00f3gy\u00edt\u00f3 \u00e9s kapcsol\u00f3d\u00f3 j\u00e1t\u00e9kok &#8211; <em>Nevel\u00e9si probl\u00e9m\u00e1k megold\u00e1sa a j\u00e1t\u00e9k, a nevet\u00e9s \u00e9s a kapcsolat erej\u00e9vel<\/em><\/strong> \/Kulcslyuk Kiad\u00f3, 2020\/<\/li>\n\n\n\n<li>Jerry Moe: <strong>Gyerekszemmel a f\u00fcgg\u0151s\u00e9gr\u0151l \u00e9s a fel\u00e9p\u00fcl\u00e9sr\u0151l <\/strong>\/Cerkabella K\u00f6nyvkiad\u00f3, 2020\/<\/li>\n\n\n\n<li>F. Lass\u00fa Zsuzsa &#8211; Glauber Anna &#8211; Hajdu Krisztina &#8211; Kolosai Nedda &#8211; R\u00f3zs\u00e1n\u00e9 Czig\u00e1ny Enik\u0151: <strong>Gyermekek ment\u00e1lisan s\u00e9r\u00fcl\u00e9keny csal\u00e1dokban<\/strong> \/ELTE E\u00f6tv\u00f6s Kiad\u00f3, 2011\/<\/li>\n<\/ul>\n","protected":false},"excerpt":{"rendered":"<p>\u00d6nismeret \u00e9s trauma feldolgoz\u00e1s: F\u00fcgg\u0151 sz\u00fcl\u0151k hat\u00e1sa: Gyermekl\u00e9lektan:<\/p>\n","protected":false},"author":1,"featured_media":0,"parent":0,"menu_order":0,"comment_status":"closed","ping_status":"closed","template":"","meta":{"_monsterinsights_skip_tracking":false,"_monsterinsights_sitenote_active":false,"_monsterinsights_sitenote_note":"","_monsterinsights_sitenote_category":0,"_kadence_starter_templates_imported_post":false,"_kad_post_transparent":"","_kad_post_title":"","_kad_post_layout":"","_kad_post_sidebar_id":"","_kad_post_content_style":"","_kad_post_vertical_padding":"","_kad_post_feature":"","_kad_post_feature_position":"","_kad_post_header":false,"_kad_post_footer":false,"footnotes":""},"class_list":["post-1530","page","type-page","status-publish","hentry"],"aioseo_notices":[],"_links":{"self":[{"href":"https:\/\/vinczebajusztimea.com\/index.php?rest_route=\/wp\/v2\/pages\/1530"}],"collection":[{"href":"https:\/\/vinczebajusztimea.com\/index.php?rest_route=\/wp\/v2\/pages"}],"about":[{"href":"https:\/\/vinczebajusztimea.com\/index.php?rest_route=\/wp\/v2\/types\/page"}],"author":[{"embeddable":true,"href":"https:\/\/vinczebajusztimea.com\/index.php?rest_route=\/wp\/v2\/users\/1"}],"replies":[{"embeddable":true,"href":"https:\/\/vinczebajusztimea.com\/index.php?rest_route=%2Fwp%2Fv2%2Fcomments&post=1530"}],"version-history":[{"count":77,"href":"https:\/\/vinczebajusztimea.com\/index.php?rest_route=\/wp\/v2\/pages\/1530\/revisions"}],"predecessor-version":[{"id":1772,"href":"https:\/\/vinczebajusztimea.com\/index.php?rest_route=\/wp\/v2\/pages\/1530\/revisions\/1772"}],"wp:attachment":[{"href":"https:\/\/vinczebajusztimea.com\/index.php?rest_route=%2Fwp%2Fv2%2Fmedia&parent=1530"}],"curies":[{"name":"wp","href":"https:\/\/api.w.org\/{rel}","templated":true}]}}